95, -l*n = -n + c - 415. List the prime factors of n.
5, 41
Let t = 76179 + -45023. What are the prime factors of t?
2, 7789
Let n be 4 + 5 + -2 + 1. Let h(j) = -j**3 + 8*j**2 + 6*j - 8. Let p be h(n). Suppose 5*f = -p + 215. List the prime factors of f.
5, 7
List the prime factors of (3 + -3 + 2/(40/268070))*2.
11, 2437
Let b(x) = -216*x + 520. What are the prime factors of b(-12)?
2, 389
Let v = -14190 - -55357. What are the prime factors of v?
7, 5881
Let q = 605 - -7003. List the prime factors of q.
2, 3, 317
Suppose 4 = 2*b - 2*d - 2*d, -3*d = 0. Suppose -b*i = 5 - 1. List the prime factors of (-4)/i + (-1 + 0 - -41).
2, 3, 7
Suppose -16238 = 9*x - 11*x + 4*w, -2*w - 6 = 0. List the prime factors of x.
7, 19, 61
Let b(m) = 6*m + 88. Suppose -5 = -4*g + 5*d, -4*d = 3*g - 0*d + 4. Let y be b(g). Suppose -c = 19 - y. List the prime factors of c.
3, 23
What are the prime factors of (-107344)/(-10)*1025/820?
2, 6709
Let g(h) = -11*h + 21. Let z(x) = -10*x**3 + 2*x - 1. Let r be z(1). Let n be g(r). Let i = n - 60. What are the prime factors of i?
2, 3, 5
Let b be (-272)/17 - 10/2 - 0. What are the prime factors of (-1401)/(-1) + b + 17?
11, 127
Suppose 5*d - 15 = -5*t, 0*t = -2*d - t + 3. Suppose 5*p - 3*s + d*s = 3905, -3930 = -5*p - 2*s. Suppose -7*f = 7*f - p. What are the prime factors of f?
2, 7
Suppose -6485 = 17*y - 10650. List the prime factors of y.
5, 7
Let w(q) = -6*q + 57. Let v be w(-7). Let s = v - 96. Suppose -s*c + 90 = -234. List the prime factors of c.
2, 3
Let m(z) = -3*z**2 + 11*z - 21. Let d(p) = -4*p**2 + 11*p - 20. Let g(y) = -4*d(y) + 5*m(y). Let n be g(-13). List the prime factors of 0 - (-4 - (1 - n)).
2
Let v(b) = 52*b - 1906. List the prime factors of v(112).
2, 3, 653
Let o be (89264/(-12))/(((-50)/15)/5). Suppose 15*r - o = r. List the prime factors of r.
797
Let t be ((-21)/(-9))/(-7) + (-2141)/3. Let n = t + 1021. What are the prime factors of n?
307
Suppose -2*o - 5*d = 1 + 1, -o = 4*d + 4. Let a = o + -2. Suppose -a*x + 5*x = 4*y + 148, x - 3*y - 56 = 0. List the prime factors of x.
2, 11
Suppose -4*a - 49 = 5*j - 17, 5*a = 3*j - 40. Let z(d) = -d**3 - 6*d**2 - 9*d - 37. List the prime factors of z(a).
163
Suppose 0 = -5*q - 8 + 23. Suppose 40 = 4*r + q*d - 2, d + 14 = r. What are the prime factors of r?
2, 3
Let u(w) = 2117*w**2 - 14*w + 38. List the prime factors of u(4).
2, 16927
Let m = -1508 - -2057. Suppose 2*k = 3*s - 595, -2*s + 2*k = -3*s + 201. Suppose -4*z + m + s = 0. What are the prime factors of z?
11, 17
Suppose -3*h + 4221 = -i - 13665, -5964 = -h + i. What are the prime factors of h?
3, 1987
Let f be 10408/16 + 1/2. Let w = f + -322. Let z = -177 + w. List the prime factors of z.
2, 19
List the prime factors of (-10)/(-50) - 133308/(-35).
13, 293
Suppose 0 = f + 2*f + b + 11, 3 = f - b. Let d = -1303 - -1277. What are the prime factors of (64/4 - f)*d/(-6)?
2, 3, 13
Let d = -1801 + 4549. What are the prime factors of d?
2, 3, 229
Suppose 587366 + 573515 - 177037 = 36*j. List the prime factors of j.
27329
Suppose 2*w + 825 = -4*f - 81, 2*f = 2*w - 456. Let k = 590 + f. What are the prime factors of k?
3, 11
Let k(p) be the first derivative of p**3/3 - 7*p**2/2 - 8*p - 5. Let s be k(8). Suppose s*v = 6*v - 54. List the prime factors of v.
3
Suppose 0 = -5*h + 195 + 555. Let l be (2 - -1)*(-672)/(-18). Let i = l + h. List the prime factors of i.
2, 131
Let g = 29622 + -26667. List the prime factors of g.
3, 5, 197
Let l(y) = 15*y + 23. Let m(x) = 15*x + 24. Let i(u) = -3*l(u) + 4*m(u). Let q be (-54)/12*(-16)/12. What are the prime factors of i(q)?
3, 13
Suppose 7 - 183 = -4*l. Let o be 18/4*l/33. Suppose o*z - 43 = 5. List the prime factors of z.
2
Suppose -4*i = -6*i - 3*w + 2856, -5*w = 5*i - 7140. List the prime factors of i.
2, 3, 7, 17
Let k(w) = -96*w**3 + 9*w**2 + 58*w - 6. What are the prime factors of k(-6)?
2, 3, 7, 17, 29
Suppose -2*f + 3*g - 600 = 0, 2*g = -f - 3*g - 300. Let j = 511 + f. Suppose -2*m + 4*w + 416 = 2*m, 2*m - 3*w = j. List the prime factors of m.
101
List the prime factors of 300/15 + 109266/6.
3, 59, 103
Let a(d) = 4*d**2 - 3*d - 13. Let l be a(5). Suppose -4988 = -10*q + l. List the prime factors of q.
2, 11, 23
Let z be 350*(1 + (1 - (4 + -3))). Suppose -i + 0*i + 3*f = -z, -2*f = 4*i - 1386. What are the prime factors of i?
347
Let x(p) = -p**3 - 15*p**2 + 10*p - 30. Suppose 6*h - 4*h + 36 = 0. Let g be x(h). Suppose -4*i + 0*b = b - 613, g = 5*i - 3*b. List the prime factors of i.
3, 17
List the prime factors of (-204824 - -16)*(-9)/72.
25601
Let g(b) = -b**3 + 14*b**2 - 18*b + 17. Let d be g(18). Let r = 2699 + d. List the prime factors of r/20 + (-3)/(-15).
5, 11
Suppose a = -3*f - 0*f - 90, -5*a + 101 = -4*f. Let q = -25 - f. Suppose 220 = 4*y + 2*w - 3*w, q*y = -2*w + 208. List the prime factors of y.
2, 3
What are the prime factors of (50553/(-2))/(-3)*176/132?
2, 41, 137
Let z = -7673 - -21208. List the prime factors of z.
5, 2707
Suppose 4 = -6*a + 5*a. What are the prime factors of -1*(-2 - a) + 2245/5?
3, 149
Let h = 2589 - -1695. List the prime factors of h.
2, 3, 7, 17
Suppose 4*h - 37 = -3*i, -2*h - 3*i + 7 = -10. Suppose 0 = 2*j + 2 - h. Suppose -j*q - 2*r = -202, 0 = -4*q - q - 2*r + 250. List the prime factors of q.
2, 3
Let j = 21718 + 45218. List the prime factors of j.
2, 3, 2789
Suppose -2*h + 9*g = 12*g + 9, g = -2*h + 1. Suppose u - 285 = n, 4*u - u = -h*n + 843. What are the prime factors of u?
283
Let s(v) = 2*v**2 - 2*v - 7. Suppose 2*u - 4*p = -u, 2*u = 4*p - 4. Let g be s(u). Suppose -5*f + 121 = -2*a, 3*f - 60 = -a + g. List the prime factors of f.
5
Let s be (-2)/(-6) - 15115/(-15). Suppose -263*m - s = -269*m. List the prime factors of m.
2, 3, 7
Let z(w) = 4151*w**2 - 145*w + 613. What are the prime factors of z(4)?
66449
Let k = 145 - 114. Let s = k - -194. What are the prime factors of s?
3, 5
Suppose 0 = -3*c - z + 4*z + 6, 0 = 3*c + 2*z - 16. Suppose f - 3*r + 143 = -3*f, 3*f = -c*r - 126. List the prime factors of (3 + -3 - f) + 0.
2, 19
Suppose -42*r + 5002 = -237985 - 141817. What are the prime factors of r?
2, 3, 509
Let v be 136/170*2*10/8. List the prime factors of (-6)/21 + (23040/35 - v).
2, 41
Let s = -726 + 499. Let j be s/(-15) + (-4)/30. What are the prime factors of 1 + 2/j + (-13492)/(-60)?
2, 113
Suppose 78 = 6*k + 24. Let o(j) = 6 + 2 - 17*j - 11*j + k*j. What are the prime factors of o(-5)?
103
What are the prime factors of (1563 + -77)*((-9)/((-9)/2) + 29)?
2, 31, 743
Suppose 3*l = 6*l + 36. Let g(b) = -46*b - 30. What are the prime factors of g(l)?
2, 3, 29
Suppose 39033 = 5*n - 2*m, -3*m - 1 = -4*m. List the prime factors of n.
37, 211
Let n = -7006 - -1255. What are the prime factors of n/(-8) - 19/(-152)?
719
Suppose -3*s - 5*t = -7386, -4*t + 235 = -5*s + 12582. What are the prime factors of s?
2467
Let s = -10590 - -22783. What are the prime factors of s?
89, 137
Suppose -s - 4*k = -8, 2*s + 46*k = 49*k - 6. Let q(n) be the first derivative of -n**3/3 - n**2/2 + 66*n - 1. List the prime factors of q(s).
2, 3, 11
Suppose -603*d + 280*d = -299*d - 908472. What are the prime factors of d?
37853
Suppose 2*w - 3*l - 64155 = 0, -160391 = -5*w - 0*w + 4*l. What are the prime factors of w?
3, 17, 37
List the prime factors of (11 + -14 + 1)/((-1)/11194).
2, 29, 193
Let a = -911 - -2482. List the prime factors of a.
1571
Suppose 174229 = -37*v + 145*v + 49489. List the prime factors of v.
3, 5, 7, 11
Let u(v) = -57*v - 53*v + 157*v + 19 + 2 - 51*v. Let b = 40 + -66. List the prime factors of u(b).
5
Suppose 5*l - 7 - 13 = 0. Suppose -10 = -b - 3*s, -s + 31 = l*b + 2. What are the prime factors of 4*(b + (-4 - -4))?
2, 7
Suppose r - 89 = -2*b, 0 = -8*r + 4*r - 3*b + 371. Suppose -y = 9*c - 4*c - 65, -2*y - 3*c = -r. Suppose 0 = 5*j + y - 925. What are the prime factors of j?
3, 59
What are the prime factors of (-16611 + -4)*(-124 - -121)?
3, 5, 3323
Let j be 18/27*207/(-6). Suppose 2*k = 2*i + k - 3, 0 = i - 5*k - 15. Let m = i - j. List the prime factors of m.
23
Let j = 4321 - 2595. List the prime factors of j.
2, 863
Let k(b) = b**3 - 19*b**2 + 20*b - 21. Let z be k(18). Suppose z = -3*o, -2*o + 3109 = 2*u - 3*o. Suppose 9*t = 17*t - u. What are the prime factors of t?
2, 97
Let i be (-4)/(-18) - (-1 - 60/(-